{"version":"1.0","provider_name":"JMJ 2023 LISBONNE : PARS AVEC LE MORBIHAN","provider_url":"https:\/\/jmj2023-morbihan.fr","author_name":"\u00c9quipe com' JMJ Morbihan","author_url":"https:\/\/jmj2023-morbihan.fr\/index.php\/author\/isabelle-claquin\/","title":"R\u00e9trospective des JMJ : n'ayez pas peur ! - JMJ 2023 LISBONNE : PARS AVEC LE MORBIHAN","type":"rich","width":600,"height":338,"html":"<blockquote class=\"wp-embedded-content\" data-secret=\"JkHjuGOiE4\"><a href=\"https:\/\/jmj2023-morbihan.fr\/index.php\/2023\/09\/04\/retrospective-des-jmj-nayez-pas-peur\/\">R\u00e9trospective des JMJ : n&rsquo;ayez pas peur !<\/a><\/blockquote><iframe sandbox=\"allow-scripts\" security=\"restricted\" src=\"https:\/\/jmj2023-morbihan.fr\/index.php\/2023\/09\/04\/retrospective-des-jmj-nayez-pas-peur\/embed\/#?secret=JkHjuGOiE4\" width=\"600\" height=\"338\" title=\"\u00ab\u00a0R\u00e9trospective des JMJ : n&rsquo;ayez pas peur !\u00a0\u00bb &#8212; JMJ 2023 LISBONNE : PARS AVEC LE MORBIHAN\" data-secret=\"JkHjuGOiE4\" frameborder=\"0\" marginwidth=\"0\" marginheight=\"0\" scrolling=\"no\" class=\"wp-embedded-content\"><\/iframe><script>\n\/*! This file is auto-generated *\/\n!function(d,l){\"use strict\";l.querySelector&&d.addEventListener&&\"undefined\"!=typeof URL&&(d.wp=d.wp||{},d.wp.receiveEmbedMessage||(d.wp.receiveEmbedMessage=function(e){var t=e.data;if((t||t.secret||t.message||t.value)&&!\/[^a-zA-Z0-9]\/.test(t.secret)){for(var s,r,n,a=l.querySelectorAll('iframe[data-secret=\"'+t.secret+'\"]'),o=l.querySelectorAll('blockquote[data-secret=\"'+t.secret+'\"]'),c=new RegExp(\"^https?:$\",\"i\"),i=0;i<o.length;i++)o[i].style.display=\"none\";for(i=0;i<a.length;i++)s=a[i],e.source===s.contentWindow&&(s.removeAttribute(\"style\"),\"height\"===t.message?(1e3<(r=parseInt(t.value,10))?r=1e3:~~r<200&&(r=200),s.height=r):\"link\"===t.message&&(r=new URL(s.getAttribute(\"src\")),n=new URL(t.value),c.test(n.protocol))&&n.host===r.host&&l.activeElement===s&&(d.top.location.href=t.value))}},d.addEventListener(\"message\",d.wp.receiveEmbedMessage,!1),l.addEventListener(\"DOMContentLoaded\",function(){for(var e,t,s=l.querySelectorAll(\"iframe.wp-embedded-content\"),r=0;r<s.length;r++)(t=(e=s[r]).getAttribute(\"data-secret\"))||(t=Math.random().toString(36).substring(2,12),e.src+=\"#?secret=\"+t,e.setAttribute(\"data-secret\",t)),e.contentWindow.postMessage({message:\"ready\",secret:t},\"*\")},!1)))}(window,document);\n\/\/# sourceURL=https:\/\/jmj2023-morbihan.fr\/wp-includes\/js\/wp-embed.min.js\n<\/script>\n","thumbnail_url":"https:\/\/jmj2023-morbihan.fr\/wp-content\/uploads\/2023\/09\/Rassemblement-\u00a9JMJ-Lisboa-2023.jpg","thumbnail_width":2048,"thumbnail_height":1365,"description":"Un million et demi de jeunes du monde entier se sont retrouv\u00e9s \u00e0 Lisbonne pour les JMJ 2023&nbsp;! Avec plus de 40000 fran\u00e7ais, accompagn\u00e9s de 75 \u00e9v\u00eaques, la France \u00e9tait le troisi\u00e8me pays le plus repr\u00e9sent\u00e9, derri\u00e8re l\u2019Espagne et l\u2019Italie. Pour notre dioc\u00e8se, 170 mineurs avec leurs 23 accompagnateurs et 10 pr\u00eatres ont particip\u00e9, ainsi &hellip;  Lire la suite\u00a0\u00bb"}

Équipe com' JMJ Morbihan

Rétrospective des JMJ : n'ayez pas peur ! - JMJ 2023 LISBONNE : PARS AVEC LE MORBIHAN

<blockquote class="wp-embedded-content" data-secret="JkHjuGOiE4"><a href="https://jmj2023-morbihan.fr/index.php/2023/09/04/retrospective-des-jmj-nayez-pas-peur/">Rétrospective des JMJ : n&rsquo;ayez pas peur !</a></blockquote><iframe sandbox="allow-scripts" security="restricted" src="https://jmj2023-morbihan.fr/index.php/2023/09/04/retrospective-des-jmj-nayez-pas-peur/embed/#?secret=JkHjuGOiE4" width="600" height="338" title="« Rétrospective des JMJ : n&rsquo;ayez pas peur ! » &#8212; JMJ 2023 LISBONNE : PARS AVEC LE MORBIHAN" data-secret="JkHjuGOiE4" frameborder="0" marginwidth="0" marginheight="0" scrolling="no" class="wp-embedded-content"></iframe><script>
/*! This file is auto-generated */
!function(d,l){"use strict";l.querySelector&&d.addEventListener&&"undefined"!=typeof URL&&(d.wp=d.wp||{},d.wp.receiveEmbedMessage||(d.wp.receiveEmbedMessage=function(e){var t=e.data;if((t||t.secret||t.message||t.value)&&!/[^a-zA-Z0-9]/.test(t.secret)){for(var s,r,n,a=l.querySelectorAll('iframe[data-secret="'+t.secret+'"]'),o=l.querySelectorAll('blockquote[data-secret="'+t.secret+'"]'),c=new RegExp("^https?:$","i"),i=0;i<o.length;i++)o[i].style.display="none";for(i=0;i<a.length;i++)s=a[i],e.source===s.contentWindow&&(s.removeAttribute("style"),"height"===t.message?(1e3<(r=parseInt(t.value,10))?r=1e3:~~r<200&&(r=200),s.height=r):"link"===t.message&&(r=new URL(s.getAttribute("src")),n=new URL(t.value),c.test(n.protocol))&&n.host===r.host&&l.activeElement===s&&(d.top.location.href=t.value))}},d.addEventListener("message",d.wp.receiveEmbedMessage,!1),l.addEventListener("DOMContentLoaded",function(){for(var e,t,s=l.querySelectorAll("iframe.wp-embedded-content"),r=0;r<s.length;r++)(t=(e=s[r]).getAttribute("data-secret"))||(t=Math.random().toString(36).substring(2,12),e.src+="#?secret="+t,e.setAttribute("data-secret",t)),e.contentWindow.postMessage({message:"ready",secret:t},"*")},!1)))}(window,document);
//# sourceURL=https://jmj2023-morbihan.fr/wp-includes/js/wp-embed.min.js
</script>

Un million et demi de jeunes du monde entier se sont retrouvés à Lisbonne pour les JMJ 2023&nbsp;! Avec plus de 40000 français, accompagnés de 75 évêques, la France était le troisième pays le plus représenté, derrière l’Espagne et l’Italie. Pour notre diocèse, 170 mineurs avec leurs 23 accompagnateurs et 10 prêtres ont participé, ainsi &hellip;  Lire la suite »
