{"version":"1.0","provider_name":"JMJ 2023 LISBONNE : PARS AVEC LE MORBIHAN","provider_url":"https:\/\/jmj2023-morbihan.fr","author_name":"Service communication du dioc\u00e8se de Vannes","author_url":"https:\/\/jmj2023-morbihan.fr\/index.php\/author\/admin2937\/","title":"INFOS PRATIQUES - JMJ 2023 LISBONNE : PARS AVEC LE MORBIHAN","type":"rich","width":600,"height":338,"html":"<blockquote class=\"wp-embedded-content\" data-secret=\"JavtZeEjL6\"><a href=\"https:\/\/jmj2023-morbihan.fr\/index.php\/participation\/\">INFOS PRATIQUES<\/a><\/blockquote><iframe sandbox=\"allow-scripts\" security=\"restricted\" src=\"https:\/\/jmj2023-morbihan.fr\/index.php\/participation\/embed\/#?secret=JavtZeEjL6\" width=\"600\" height=\"338\" title=\"\u00ab\u00a0INFOS PRATIQUES\u00a0\u00bb &#8212; JMJ 2023 LISBONNE : PARS AVEC LE MORBIHAN\" data-secret=\"JavtZeEjL6\" frameborder=\"0\" marginwidth=\"0\" marginheight=\"0\" scrolling=\"no\" class=\"wp-embedded-content\"><\/iframe><script>\n\/*! This file is auto-generated *\/\n!function(d,l){\"use strict\";l.querySelector&&d.addEventListener&&\"undefined\"!=typeof URL&&(d.wp=d.wp||{},d.wp.receiveEmbedMessage||(d.wp.receiveEmbedMessage=function(e){var t=e.data;if((t||t.secret||t.message||t.value)&&!\/[^a-zA-Z0-9]\/.test(t.secret)){for(var s,r,n,a=l.querySelectorAll('iframe[data-secret=\"'+t.secret+'\"]'),o=l.querySelectorAll('blockquote[data-secret=\"'+t.secret+'\"]'),c=new RegExp(\"^https?:$\",\"i\"),i=0;i<o.length;i++)o[i].style.display=\"none\";for(i=0;i<a.length;i++)s=a[i],e.source===s.contentWindow&&(s.removeAttribute(\"style\"),\"height\"===t.message?(1e3<(r=parseInt(t.value,10))?r=1e3:~~r<200&&(r=200),s.height=r):\"link\"===t.message&&(r=new URL(s.getAttribute(\"src\")),n=new URL(t.value),c.test(n.protocol))&&n.host===r.host&&l.activeElement===s&&(d.top.location.href=t.value))}},d.addEventListener(\"message\",d.wp.receiveEmbedMessage,!1),l.addEventListener(\"DOMContentLoaded\",function(){for(var e,t,s=l.querySelectorAll(\"iframe.wp-embedded-content\"),r=0;r<s.length;r++)(t=(e=s[r]).getAttribute(\"data-secret\"))||(t=Math.random().toString(36).substring(2,12),e.src+=\"#?secret=\"+t,e.setAttribute(\"data-secret\",t)),e.contentWindow.postMessage({message:\"ready\",secret:t},\"*\")},!1)))}(window,document);\n\/\/# sourceURL=https:\/\/jmj2023-morbihan.fr\/wp-includes\/js\/wp-embed.min.js\n<\/script>\n","description":"\u2022 POUR LES MINEURS Les JMJ2023 au Portugal se d\u00e9rouleront en 2 \u00e9tapes : Nous vous donnons rendez-vous pour le d\u00e9part le mardi 25 juillet \u00e0 19h :L&rsquo;ECHONOVA1 rue L\u00e9on Griffon56890 SAINT AV\u00c9Le retour se fera au m\u00eame endroit le lundi 7 ao\u00fbt en fin de matin\u00e9e (horaire \u00e0 pr\u00e9ciser) Retrouve le programme ICI &#8211; &hellip;  Lire la suite\u00a0\u00bb","thumbnail_url":"https:\/\/jmj2023-morbihan.fr\/wp-content\/uploads\/2023\/07\/programme-jmj-2023-messe-ouverture-1-aout-1.jpg"}

Service communication du diocèse de Vannes

• POUR LES MINEURS Les JMJ2023 au Portugal se dérouleront en 2 étapes : Nous vous donnons rendez-vous pour le départ le mardi 25 juillet à 19h :L&rsquo;ECHONOVA1 rue Léon Griffon56890 SAINT AVÉLe retour se fera au même endroit le lundi 7 août en fin de matinée (horaire à préciser) Retrouve le programme ICI &#8211; &hellip;  Lire la suite »
